{"id":153,"date":"2025-04-09T19:26:12","date_gmt":"2025-04-09T19:26:12","guid":{"rendered":"https:\/\/urologaskedainiuose.lt\/?page_id=153"},"modified":"2025-08-26T19:38:43","modified_gmt":"2025-08-26T19:38:43","slug":"kainynas","status":"publish","type":"page","link":"https:\/\/urologaskedainiuose.lt\/index.php\/kainynas\/","title":{"rendered":"Kainynas"},"content":{"rendered":"\n<p>Urologo konsultacija su \u0161lapimo organ\u0173 echoskopiniu i\u0161tyrimu &#8211; <strong>70<\/strong> eur<\/p>\n\n\n\n<p>Urologo konsultacija &#8211; <strong>50<\/strong> eur<\/p>\n\n\n\n<p>Urologo pakartotina konsultacija m\u0117nesio laikotarpyje d\u0117l to pa\u010dio susirgimo &#8211; <strong>30<\/strong> eur <\/p>\n\n\n\n<p>Vieno organo echoskopija &#8211; <strong>20<\/strong> eur <\/p>\n\n\n\n<p>\u0160lapl\u0117s i\u0161pl\u0117timas &#8211; bu\u017eavimas &#8211; <strong>50<\/strong> eur <\/p>\n\n\n\n<p>\u0160lapimo srov\u0117s grei\u010dio registravimas &#8211; urofloumetrija  <strong>40 <\/strong>eur<\/p>\n\n\n\n<p>Vaist\u0173 instiliacija \u012f \u0161lapimo p\u016bsl\u0119 ( vaist\u0173 kaina \u012ftraukta) &#8211; <strong>70<\/strong> eur<\/p>\n\n\n\n<p> ESWT terapija   &#8211; <strong>60<\/strong> eur<\/p>\n\n\n\n<p>Lytini\u0173 karp\u0173 (kondilom\u0173 \u0161alinimas plazma) &#8211; <strong>100<\/strong> eur<\/p>\n\n\n\n<p>Cistostomos drena\u017eo vamzdelio pakeitimas <strong>50<\/strong> eur <\/p>\n\n\n\n<p>\u0160lapimo p\u016bsl\u0117s tamponados i\u0161plovimas <strong>50<\/strong> eur <\/p>\n\n\n\n<p>\u0160lapimo p\u016bsl\u0117s kateterizacija Folley kateteriu <strong>30<\/strong> eur <\/p>\n\n\n\n<p>LPI 4-i\u0173 suk\u0117l\u0117j\u0173: Chlamydia trachomatis\/Mycoplasma genitalium\/Neisseria gonorrhoeae\/Trichomonas vaginalis DNR nustatymas \u0161lapime (PGR metodu). <strong>50 <\/strong>eur<\/p>\n\n\n\n<p>LPI 6-i\u0173 suk\u0117l\u0117j\u0173: Chlamydia trachomatis\/Mycoplasma genitalium\/Neisseria gonorrhoeae\/Trichomonasvaginalis\/Mycoplasma hominis\/Ureaplasma spp. DNR nustatymas \u0161lapime (PGR metodu)<strong> 60 <\/strong>eur <\/p>\n\n\n\n<p>LPI 10-es suk\u0117l\u0117j\u0173: Neisseria gonorrhoeae\/Mycoplasma genitalium\/Chlamydia trachomatis\/Ureaplasmaurealyticum\/U.Parvum\/Trichomonas vaginalis\/Gardnerella vaginalis\/Candida albicans\/Candida glabrata\/Candida krusei DNR nustatymas \u0161lapime (PGR metodu) <strong>80 <\/strong>eur<\/p>\n\n\n\n<p>\u0160lapimo pas\u0117lis su m\/o identifikavimu\u00a0 + antibiotikograma       <strong>20<\/strong> eur<\/p>\n\n\n\n<p>Spermos pas\u0117lis\u00a0<strong> 20 eur <\/strong><\/p>\n\n\n\n<p>\u0160lapimo citologinis tyriams d\u0117l atipini\u0173 l\u0105steli\u0173\u00a0 <strong>20<\/strong> eur<\/p>\n\n\n\n<p>Kalis<strong> 5<\/strong> eur<\/p>\n\n\n\n<p>Natris <strong>5 <\/strong>eur<\/p>\n\n\n\n<p>Cinkas\u00a0 <strong>18<\/strong> eur<\/p>\n\n\n\n<p>Magnis <strong>5<\/strong> eur<\/p>\n\n\n\n<p>Ca\u00a0<strong> 5<\/strong> eur <\/p>\n\n\n\n<p>INR <strong>6 <\/strong>eur<\/p>\n\n\n\n<p>DATL\u00a0 <strong>6<\/strong> eur<\/p>\n\n\n\n<p>Gliukoz\u0117 serume <strong>3<\/strong> eur<\/p>\n\n\n\n<p>CRB <strong>9<\/strong> eur<\/p>\n\n\n\n<p>Urea <strong>4<\/strong> eur<\/p>\n\n\n\n<p>Crea <strong>4<\/strong> eur<\/p>\n\n\n\n<p>\u0160lapimo r\u016bg\u0161tis <strong>5<\/strong> eur<\/p>\n\n\n\n<p>LDH <strong>9<\/strong> eur<\/p>\n\n\n\n<p> B.baltymas <strong>7<\/strong> eur<\/p>\n\n\n\n<p>GFG <strong>5<\/strong> eur<\/p>\n\n\n\n<p>djCRB Didelio jautrumo CRB koncentracijos nustatymas <strong>18<\/strong> eur<\/p>\n\n\n\n<p> BKT <strong>10<\/strong> eur<\/p>\n\n\n\n<p>Leukograma\u00a0 <strong>9<\/strong>  eur<\/p>\n\n\n\n<p>B\u0160T ( bendras \u0161lapimo tyrimas ) \u00a0 <strong>5<\/strong>  eur<\/p>\n\n\n\n<p>\u0160lapimo nus\u0117d\u0173 mikroskopija\u00a0 <strong>7 <\/strong>eur<\/p>\n\n\n\n<p>LAI Laisv\u0173 androgen\u0173 indeksas (atliekamas i\u0161 tyrim\u0173 SHBG ir TESTO)  <strong>5<\/strong> eur<\/p>\n\n\n\n<p>fBHCG v\u0117\u017eio \u017eymuo <strong>25 <\/strong>eur<\/p>\n\n\n\n<p>E2 estradiolis <strong>18 <\/strong>eur<\/p>\n\n\n\n<p>E3 estriolis laisvas\u00a0 <strong>25<\/strong> eur<\/p>\n\n\n\n<p>DHEA-S Dehidroepiandrosterono sulfatas <strong>18<\/strong> eur<\/p>\n\n\n\n<p>SHBG (lytinius h. sujungiantis globulinas) <strong>19<\/strong> eur<\/p>\n\n\n\n<p>TESTO Testosteronas <strong>18 <\/strong>eur<\/p>\n\n\n\n<p>Prolaktinas <strong>15<\/strong> eur<\/p>\n\n\n\n<p>Progesteronas\u00a0 <strong>15<\/strong> eur<\/p>\n\n\n\n<p>FSH folikulus stimuliuojantis hormonas\u00a0 <strong>15<\/strong> eur<\/p>\n\n\n\n<p>LH liutenizuojantis hormonas\u00a0 <strong>15<\/strong> eur<\/p>\n\n\n\n<p> STH Somatotropinis hormonas <strong>25<\/strong> eur<\/p>\n\n\n\n<p>PSA Prostatos specifinis antigenas<strong> 10 <\/strong>eur<\/p>\n\n\n\n<p>FPSA Laisvas prostatos specifinis antigenas <strong>10<\/strong> eur<\/p>\n\n\n\n<p>\u017dIV \u017dmogaus imunodeficito viruso 1\/2 antik\u016bn\u0173 ir p24 Ag\u00a0 nustatymas imunofermentiniu metodu<strong> 15<\/strong> eur<\/p>\n\n\n\n<p>Antik\u016bnai IgG prie\u0161 Herpes simplex viruso I\/II tip\u0105 <strong>24<\/strong>  eur<\/p>\n\n\n\n<p>Antik\u016bnai IgM prie\u0161 Herpes simplex viruso I\/II tip\u0105 <strong>24<\/strong> eur<\/p>\n\n\n\n<p>Candida albicans DNR (PGR metodu) \u0161lapime <strong>18  <\/strong>eur<\/p>\n\n\n\n<p>Chlamydia trachomatis DNR (PGR metodu) \u0161lapime <strong>20<\/strong> eur<\/p>\n\n\n\n<p>Gardnerella vaginalis DNR (PGR metodu) \u0161lapime <strong>20<\/strong>  eur<\/p>\n\n\n\n<p>Mycoplasma genitalium DNR (PGR metodu) \u0161lapime <strong>20<\/strong> eur<\/p>\n\n\n\n<p>Mycoplasma hominis DNR (PGR metodu) \u0161lapime <strong>20<\/strong>  eur<\/p>\n\n\n\n<p>Neisseria gonorrhoeae DNR (PGR metodu) \u0161lapime <strong>20<\/strong>  eur<\/p>\n\n\n\n<p>Trichomona vaginalis DNR (PGR metodu) \u0161lapime <strong>20<\/strong> eur<\/p>\n\n\n\n<p>Ureaplasma spp. DNR (PGR metodu) \u0161lapime <strong>20<\/strong> eur<\/p>\n\n\n\n<p><\/p>\n","protected":false},"excerpt":{"rendered":"<p>Urologo konsultacija su \u0161lapimo organ\u0173 echoskopiniu i\u0161tyrimu &#8211; 70 eur Urologo konsultacija &#8211; 50 eur Urologo pakartotina konsultacija m\u0117nesio laikotarpyje d\u0117l to pa\u010dio susirgimo &#8211; 30 eur Vieno organo echoskopija &#8211; 20 eur \u0160lapl\u0117s i\u0161pl\u0117timas &#8211; bu\u017eavimas &#8211; 50 eur \u0160lapimo srov\u0117s grei\u010dio registravimas &#8211; urofloumetrija 40 eur Vaist\u0173 instiliacija \u012f \u0161lapimo p\u016bsl\u0119 ( vaist\u0173 [&hellip;]<\/p>\n","protected":false},"author":1,"featured_media":0,"parent":0,"menu_order":0,"comment_status":"closed","ping_status":"closed","template":"","meta":{"footnotes":""},"class_list":["post-153","page","type-page","status-publish","hentry"],"aioseo_notices":[],"_links":{"self":[{"href":"https:\/\/urologaskedainiuose.lt\/index.php\/wp-json\/wp\/v2\/pages\/153","targetHints":{"allow":["GET"]}}],"collection":[{"href":"https:\/\/urologaskedainiuose.lt\/index.php\/wp-json\/wp\/v2\/pages"}],"about":[{"href":"https:\/\/urologaskedainiuose.lt\/index.php\/wp-json\/wp\/v2\/types\/page"}],"author":[{"embeddable":true,"href":"https:\/\/urologaskedainiuose.lt\/index.php\/wp-json\/wp\/v2\/users\/1"}],"replies":[{"embeddable":true,"href":"https:\/\/urologaskedainiuose.lt\/index.php\/wp-json\/wp\/v2\/comments?post=153"}],"version-history":[{"count":7,"href":"https:\/\/urologaskedainiuose.lt\/index.php\/wp-json\/wp\/v2\/pages\/153\/revisions"}],"predecessor-version":[{"id":211,"href":"https:\/\/urologaskedainiuose.lt\/index.php\/wp-json\/wp\/v2\/pages\/153\/revisions\/211"}],"wp:attachment":[{"href":"https:\/\/urologaskedainiuose.lt\/index.php\/wp-json\/wp\/v2\/media?parent=153"}],"curies":[{"name":"wp","href":"https:\/\/api.w.org\/{rel}","templated":true}]}}